93?
-97
In base 14, what is 9 - -27?
32
In base 14, what is b + -b6?
-a9
In base 2, what is 100 - 1111010010?
-1111001110
In base 4, what is 10301 + -121?
10120
In base 16, what is -3 + -13a8?
-13ab
In base 14, what is -2 + c1?
bd
In base 16, what is -410 + 1?
-40f
In base 16, what is -4d + -9?
-56
In base 5, what is -1 - 224?
-230
In base 6, what is -5 - 1122?
-1131
In base 12, what is 31 - -62?
93
In base 9, what is 100 + 4?
104
In base 3, what is -2002222 - 1?
-2010000
In base 8, what is -12 - -14?
2
In base 9, what is -277 - -5?
-272
In base 16, what is 5 + 329?
32e
In base 9, what is 8 + 0?
8
In base 2, what is -1110000011101 + -101?
-1110000100010
In base 15, what is 5 - 90e?
-909
In base 14, what is -3 + 32?
2d
In base 2, what is 10010001010 + -101?
10010000101
In base 13, what is -6 - -552?
549
In base 12, what is -1 + -91?
-92
In base 11, what is -2 + 28?
26
In base 4, what is 11211 + -1?
11210
In base 13, what is -1 + -6a?
-6b
In base 12, what is b467 + -5?
b462
In base 10, what is 14 - -12?
26
In base 3, what is 112 + 12?
201
In base 10, what is 895 - -2?
897
In base 13, what is -11 - 1?
-12
In base 2, what is 11000110001 - -10?
11000110011
In base 9, what is 2 - 8?
-6
In base 10, what is -128 + -5?
-133
In base 15, what is 5 - 1e?
-19
In base 9, what is 21808 + 0?
21808
In base 6, what is 20 + 33?
53
In base 14, what is 7 - -3b?
44
In base 16, what is -4 + 5a8?
5a4
In base 16, what is -7 + -86?
-8d
In base 4, what is 0 - -3001?
3001
In base 9, what is 227 - -6?
234
In base 5, what is -4 - 140?
-144
In base 5, what is 102433 - 4?
102424
In base 4, what is 20 - -10?
30
In base 11, what is 1 + a0?
a1
In base 8, what is 234 - 4?
230
In base 10, what is -4857 - -5?
-4852
In base 9, what is 3 + 151?
154
In base 6, what is 3 + 335?
342
In base 5, what is 4 + -2414?
-2410
In base 16, what is 4 - -cdb?
cdf
In base 14, what is -73 + -3b?
-b0
In base 3, what is -1122102 + -1?
-1122110
In base 7, what is 35 - -433?
501
In base 5, what is 41 + 4?
100
In base 9, what is -151 - 12?
-163
In base 5, what is 411 - -111?
1022
In base 16, what is 3 + -25b?
-258
In base 7, what is -2 - -110?
105
In base 7, what is 125 + 1?
126
In base 15, what is 2 + -618?
-616
In base 8, what is 6 - -11?
17
In base 5, what is 2 - 124430?
-124423
In base 12, what is -6 + 29?
23
In base 7, what is -123 - -5?
-115
In base 16, what is 1c - 6?
16
In base 8, what is -4 + 17?
13
In base 11, what is -3 - -175?
172
In base 8, what is 4 - 135?
-131
In base 13, what is 38 - 1?
37
In base 8, what is 26600 + 0?
26600
In base 6, what is -4444 + -23?
-4511
In base 14, what is -4 + 6d?
69
In base 11, what is -109 - -1?
-108
In base 16, what is -6b - -3?
-68
In base 14, what is -906 + 2?
-904
In base 6, what is 5 - 14043?
-14034
In base 11, what is -4 - 356?
-35a
In base 14, what is d2 - -2d?
121
In base 14, what is b4 + -1?
b3
In base 10, what is -1 + -95?
-96
In base 13, what is 3 + -59?
-56
In base 15, what is -807d + 1?
-807c
In base 14, what is 1 + 35?
36
In base 11, what is 1 + 214?
215
In base 12, what is -426b - -5?
-4266
In base 15, what is 2 + -2b?
-29
In base 2, what is 101 + -110001?
-101100
In base 15, what is 32 + -2?
30
In base 11, what is -5 + 11?
7
In base 14, what is 0 + 10?
10
In base 7, what is 6 + -355?
-346
In base 7, what is -3 + -231?
-234
In base 8, what is -5260 + -3?
-5263
In base 9, what is 15 - -76?
102
In base 10, what is -6 + 296?
290
In base 3, what is 120 + -2001?
-1111
In base 14, what is 7 - -2?
9
In base 14, what is 64a + 13?
65d
In base 15, what is 2 + 75?
77
In base 2, what is -11001010 - -101111?
-10011011
In base 9, what is -13 + -16?
-30
In base 16, what is -2 + -95?
-97
In base 11, what is -33a + 5?
-335
In base 15, what is 38 - -8c?
c5
In base 2, what is 111 - 1100101?
-1011110
In base 8, what is -53 + -15?
-70
In base 11, what is 33 - -2?
35
In base 5, what is 14 - 124?
-110
In base 12, what is -1638 - 4?
-1640
In base 2, what is 1 - -1011?
1100
In base 15, what is 3 + 0?
3
In base 8, what is 205 - -4?
211
In base 9, what is 2 - 17?
-15
In base 3, what is 112100202 - -12?
112100221
In base 8, what is 1 + 56?
57
In base 9, what is 478 + 2?
481
In base 11, what is 2 + 1746?
1748
In base 5, what is 30 + 140?
220
In base 11, what is 241 - -10?
251
In base 15, what is -4 + 54b?
547
In base 16, what is -4 - 1077?
-107b
In base 8, what is -43536 + 5?
-43531
In base 2, what is 111 + 1001001?
1010000
In base 14, what is -39 + 3d?
4
In base 4, what is 102 + -3?
33
In base 6, what is 124 - 1003?
-435
In base 13, what is -5 - -158?
153
In base 10, what is 255 - 51?
204
In base 3, what is -200 + 201111?
200211
In base 6, what is -4000 - -4?
-3552
In base 4, what is -1230 - 1033?
-2323
In base 11, what is 11 + -10?
1
In base 12, what is 3 + -148?
-145
In base 6, what is 5 - -2345?
2354
In base 10, what is -28 + -15?
-43
In base 12, what is -2 - 225?
-227
In base 12, what is 3 - 86?
-83
In base 6, what is 3 - -1120?
1123
In base 13, what is -a3 + 1b?
-85
In base 12, what is -1 + 4ab?
4aa
In base 6, what is -20455 + -4?
-20503
In base 5, what is -22023 - 21?
-22044
In base 12, what is 0 - 4a?
-4a
In base 9, what is -25 + -4?
-30
In base 2, what is -10100011 + 10?
-10100001
In base 2, what is -11100011 + -110?
-11101001
In base 16, what is -26cd + 5?
-26c8
In base 10, what is 1253 + 0?
1253
In base 6, what is -3 - -115?
112
In base 4, what is 10 + -123?
-113
In base 16, what is -3db - -5?
-3d6
In base 14, what is 5 - 382?
-37b
In base 6, what is -2 - 5030?
-5032
In base 10, what is 8 + 24?
32
In base 6, what is -3 - 3410?
-3413
In base 3, what is 1101 - 2?
1022
In base 11, what is 2 - 13?
-11
In base 12, what is -9 - -71?
64
In base 10, what is 7926 - 2?
7924
In base 6, what is 2 + 230?
232
In base 16, what is -88 - -2f?
-59
In base 11, what is 2 + 12?
14
In base 3, what is 1012 - 1000?
12
In base 8, what is 16 - -47?
65
In base 11, what is -87 + -37?
-113
In base 11, what is 286 + -2?
284
In base 8, what is 24 + -33?
-7
In base 12, what is -4 + -13?
-17
In base 14, what is -d7 + -5?
-dc
In base 10, what is -186 - -45?
-141
In base 8, what is -14 + 53?
37
In base 4, what is -30 + 1?
-23
In base 7, what is -3 - -236?
233
In base 15, what is 2 - 2?
0
In base 4, what is -20 + 232?
212
In base 3, what is 2 - 12200?
-12121
In base 5, what is 111101 - 0?
111101
In base 11, what is -2a418 + 2?
-2a416
In base 14, what is 4373 - -4?
4377
In base 12, what is 350 + -1?
34b
In base 2, what is -10100 + 10011?
-1
In base 6, what is -1 - -1413?
1412
In base 2, what is -110 + -1010000100?
-1010001010
In base 14, what is -a + -42?
-4c
In base 15, what is -3 - -113?
110
In base 11, what is 673 + 15?
688
In base 8, what is 6 - 1467?
-1461
In base 14, what is -20b + -1?
-20c
In base 12, what is 7a + 1?
7b
In base 12, what is -1 - -99?
98
In base 10, what is 2 - -1?
3
In base 13, what is -43 - 10?
-53
In base 8, what is 242 + -3?
237
In base 4, what is 10 + -201323?
-201313
In base 13, what is 2 + 103?
105
In base 4, what is -23 + 132?
103
In base 2, what is -1 + 1100110?
1100101
In base 14, what is -3 + 3ad?
3aa
In base 9, what is 3 + 14?
17
In base 7, what is 6 + -12036?
-12030
In base 9, what is -14 - -4?
-10
In base 11, what is 31 - -23?
54
In base 7, what is -12 + -133?
-145
In base 8, what is 344 + -3?
341
In base 5, what is 1122434 + 1?
1122440
In base 6, what is 14505 + 0?
14505
In base 11, what is -2 - -347?
345
In base 13, what is 7 - 31b4?
-31aa
In base 5, what is -1 - 44203?
-44204
In base 11, what is 20a - -4?
213
In base 10, what is 140 + -18?
122
In base 10, what is -1 - 5?
-6
In base 2, what is 10100 + -111011111?
-111001011
In base 12, what is -2 - -5?
3
In base 6, what is -15 - -15?
0
In base 9, what is -770 + 2?
-767
In base 13, what is 2cc + -8?
2c4
In base 2, what is -110 - -110?
0
In base 11, what is 1 + -a0?
-9a
In base 9, what is -616 - -17?
-588
In base 11, what is -1a + 37?
18
In base 15, what is 13 + 1a?
2d
In base 3, what is 2 + -112111?
-112102
In base 11, what is -3 - 362?
-365
In base 14, what is 2 + 28?
2a
In base 12, what is 463 - -5?
468
In base 5, what is -1040 - -2?
-1033
In base 16, what is b - 4?
7
In base 11, what is 1 + 65a?
660
In base 4, what is -10 + 2133?
2123
In base 14, what is 2a7 + 4?
2ab
In base 12, what is -3 + -52?
-55
In b